rs of a.
3, 37
Suppose o = -3*o + 24. Let x be 9/(-6)*52/o. Let w = 1 - x. What are the prime factors of w?
2, 7
What are the prime factors of (-7 + -10)*1*-1?
17
Suppose 0 = -2*j + 10, 0 = -3*i + 3*j - 42. Let f(s) = -s**3 - 8*s**2 + 7*s - 13. What are the prime factors of f(i)?
5
Suppose -3*r + 120 = 5*y + 2*r, -4*r = -y + 39. What are the prime factors of y?
3
Let a(g) = -g + 1. Let r(x) = x**3 - x**2 - x - 7. Let o be r(0). What are the prime factors of a(o)?
2
What are the prime factors of 9*7/42*(-76)/(-6)?
19
Let n(l) = l**3 + 5*l**2 + 4*l + 4. Let r be 14/(-5) - (-1)/(-5). What are the prime factors of n(r)?
2, 5
Suppose -2*x = -3*x + 13. List the prime factors of x.
13
Let k(t) = 4*t**2 - 3. List the prime factors of k(5).
97
Let d(r) = -r**3 - 4*r**2 + 23*r + 57. What are the prime factors of d(-7)?
43
Let k = 7 + 261. List the prime factors of k.
2, 67
Let z(x) = -2*x. Let j be z(1). List the prime factors of 21/2*-1*j.
3, 7
Suppose 68 = 2*t + 10. Suppose 0 = -2*h - h - 2*z + t, -8 = 4*z. Suppose h = r + 2*o, 28 = 2*r - 0*r - 2*o. List the prime factors of r.
13
Let o be (-1)/(-2)*(-4 - -4). Let a be -5 - (0 + o + 1). Let n = 10 + a. List the prime factors of n.
2
Suppose 3*w + w - 20 = 0. What are the prime factors of w?
5
Suppose 48 = 3*c + a, 0*c - 4*a + 27 = c. Suppose c = 4*n - 13. Suppose 3*b - 2 = n. What are the prime factors of b?
3
Let z(x) be the third derivative of -x**4/8 + x**3/6 + x**2. Let d be -5*(-1)/(-10)*4. List the prime factors of z(d).
7
Let k(q) be the third derivative of q**4/6 + 11*q**3/6 - 8*q**2. What are the prime factors of k(7)?
3, 13
Let v(m) = m**2 + 5*m + 6. Suppose -2*l + 15 = 3*l. Let t be l/((-12)/10)*2. What are the prime factors of v(t)?
2, 3
Let n(u) be the first derivative of 3*u**4/4 - 2*u**3/3 - u + 1. Let s be n(2). Suppose 4*z - 5*l - 22 = 0, -3*z + l + s = -2*l. List the prime factors of z.
3
Suppose 0 = 4*c + 3*p - 0*p, 5*c = 3*p + 27. Suppose -c*l + 3 = -63. What are the prime factors of l?
2, 11
Let k(x) = 2*x**2 + 7*x + 6. Let w be k(-6). Suppose w = 4*n - 144. Let o = 66 - n. What are the prime factors of o?
3, 7
Let t = 0 + 1. Suppose t = 2*l - 3. Suppose 5 = -l*w + 3*w. List the prime factors of w.
5
Suppose -2*l = -3*l - 710. What are the prime factors of l/(-30) + 4/3?
5
Let o(p) = p**3 - p**2 - p + 3. What are the prime factors of o(4)?
47
Let x(t) = -t**2 + 4*t - 4. Let r be x(4). What are the prime factors of r + 7 + 1 + -1?
3
Let z be 3 + -1 + -5 - 9. List the prime factors of (-79)/(-4) - 3/z.
2, 5
Suppose 5*f + 13 - 23 = 0. List the prime factors of 6/12 + 15/f.
2
Let l(w) = w**2 + 5*w + 2. Let x be l(-4). Let m(u) = -u**2 - 3*u. List the prime factors of m(x).
2
Suppose -2*t - 3*m + 6 = -m, 0 = 5*m - 5. Suppose 0*u = u - t*x - 4, -u + 5*x = 11. List the prime factors of u.
2, 7
Let m(n) = -n**3 + 4*n**2 + n - 2. Let l be m(4). Let a = 4 + l. Let r = a - 4. What are the prime factors of r?
2
Suppose m = 5*m - 212. Suppose -22 - m = -5*f. Suppose -b = -4*b + f. What are the prime factors of b?
5
What are the prime factors of 228 + (8/6)/((-13)/(-39))?
2, 29
What are the prime factors of (2 - 11)/(2/(-6))?
3
Let y(n) = -n**3 + 7*n**2 - 6*n + 8. Let c be y(6). Suppose -2*o - c = 0, 5*o + 87 = 3*h - 11. What are the prime factors of h?
2, 13
What are the prime factors of (-327)/(-5) - (-27)/45?
2, 3, 11
Suppose 9 = a + 2*a. Let v = a + -2. Suppose y - v = 1, -2*c + 12 = 4*y. What are the prime factors of c?
2
Let u(y) = y**2 - 4*y + 12. List the prime factors of u(9).
3, 19
Suppose 0 = -8*g + 3*g + 10. Suppose g*u + 3*u - 80 = 0. List the prime factors of u.
2
Let r(z) = -z**3 - z**2 + z + 12. Let o be r(0). Let d be 7 + (-1 - -1) - 2. Let p = o - d. List the prime factors of p.
7
Suppose -6*o = -1824 + 390. List the prime factors of o.
239
Let b(c) = -c**2 + 7*c - 1. Let k be b(7). Let w be k*((1 - -1) + -4). Suppose u - 4 = -l, 2 = u + 5*l - w. List the prime factors of u.
2
Suppose -1272 = -4*a + 4*g, -2*g + 930 = 3*a + 3*g. Suppose y - 6*y = -a. Suppose 5*s = y - 23. List the prime factors of s.
2
Let m(w) = w**3 - 6*w**2 - w + 5. Let v be m(6). Let r be v/(-1) + (-5 - -7). Suppose 0 = 3*s - r - 6. What are the prime factors of s?
3
Let d(f) = f**3 + 8*f**2 + 3*f + 1. Let n be d(-7). Suppose 4*t - n = -w, -3*w - 33 = -5*t - w. Suppose 5*j - 23 - t = 0. List the prime factors of j.
2, 3
Let b(i) = i**3 + 14*i**2 + 7*i. List the prime factors of b(-13).
2, 3, 13
Let a = 265 - 197. List the prime factors of a.
2, 17
Let n(h) = -h**2 + h + 4. Let p be n(0). Suppose 4*g = -2*k + 6, k - 2*k - p*g = -5. Suppose 3*q - f - 22 = 0, -q + f + k = -5. What are the prime factors of q?
2
Let k(x) = x**3 + 6*x**2 - 6*x + 10. What are the prime factors of k(-6)?
2, 23
Suppose -3*z = z - v + 1, -2*z - 1 = -v. Suppose -5*y = 2*g - 35 - z, 2*y + 3*g = 25. Let s(h) = h**2 - 4*h - 2. List the prime factors of s(y).
3
Let z be (-118)/(-14) + (-6)/14. Let k = 20 + z. What are the prime factors of k?
2, 7
Suppose -216 = -0*n - 2*n. List the prime factors of n.
2, 3
Let g be (1 - -23)*(-2)/(-4). Suppose 0 = -s + g - 2. What are the prime factors of s?
2, 5
Let h = 13 - 11. Suppose h*v - 42 = 18. List the prime factors of v.
2, 3, 5
Let q(m) = -m**2 - 13*m + 4. List the prime factors of q(-11).
2, 13
Suppose 0 = 4*x - 34 - 14. What are the prime factors of x?
2, 3
Suppose 44 = -q + 3*q. Suppose -r + 0*l - q = l, l + 72 = -3*r. Let g = r + 44. List the prime factors of g.
19
Suppose 0 = -2*q - 2*u + 220, 2*u + 413 = 4*q - 3*u. List the prime factors of q.
107
Let g be (-3 + 6 - 6) + 6. Let l(w) = 3 - 1 + 4*w**2 - w + w**3 - 2*w**3. What are the prime factors of l(g)?
2
Let d = -4 - -15. Let j(t) = -t + 16. Let c be j(d). List the prime factors of (-2)/c - 107/(-5).
3, 7
Suppose 3*i - 126 = -0*i. List the prime factors of i.
2, 3, 7
Let l be 1/(-4)*(-8)/1. Suppose l*o + 0*h = -2*h - 24, 4*o - 3*h = -27. List the prime factors of (-2 - o)/(3/6).
2, 7
Let r = -2 + 5. Suppose 0 = -3*p + r*w - 3, 3*w + 2 = 4*p + 3. List the prime factors of (p/(-4))/((-2)/68).
17
Let x = 3 - -1. Suppose 2*s + 4*v = -0*s - 2, -51 = -x*s + 3*v. List the prime factors of s.
3
Let d = -18 + 31. List the prime factors of d.
13
Let k = -4 - -9. Suppose 73 = k*i + 2*b, 4*b + 44 = 5*i - 5. What are the prime factors of i?
13
Let w = 119 + 16. List the prime factors of w.
3, 5
Let r = 7 + -3. Suppose r*m - 20 = -0*m. Suppose m*j = -15 + 85. What are the prime factors of j?
2, 7
Let g = -16 + 22. Let u = g - 4. Suppose x - 7 = -u*l, -5*x = l - 37 - 16. What are the prime factors of x?
11
Let t(u) = -12*u + 5*u**2 + 5*u**2 - u**3 + 0*u**3 + 1 + 7. What are the prime factors of t(8)?
2, 5
List the prime factors of (4/4*(250 - 0))/2.
5
Suppose -11*d = -6*d. Suppose d = -3*q + 83 - 5. List the prime factors of q.
2, 13
Suppose 40 = 4*a + 5*t, 12 = 2*t + t. Suppose -a*r + 3*h + 229 = 0, 4*r = 8*h - 4*h + 188. What are the prime factors of r?
2, 11
Let q(n) = 11*n**2 + 4*n + 4. Let a(t) = 11*t**2 + 3*t + 3. Let d(b) = 3*a(b) - 2*q(b). List the prime factors of d(-2).
43
Suppose r - 4 = -2. Suppose 4 = 3*q - r*q. What are the prime factors of q?
2
Let h(p) = p**2 - p. Let v be h(1). Suppose 4*a - 2 = 2*a. Suppose v = -3*n + 8 + a. What are the prime factors of n?
3
Suppose -h + 288 = 3*h. What are the prime factors of h?
2, 3
Let b(v) = v**3 - 4*v**2 + 2*v - 6. Let h be b(4). Let w be h + (0 + 0)/(-3). List the prime factors of (w/4)/((-6)/(-60)).
5
Let n be (-9)/12 + (-30)/(-8). Suppose 2*z - 6 = -2*s, 12 = 4*z + 6*s - n*s. What are the prime factors of z/(-6)*(-48)/3?
2
List the prime factors of 343/(-14)*(-4)/(4/2).
7
Let c(b) = b**2 - b + 2. Let a be c(0). Let r be 1/a*0/4. Suppose 5*i - 3*n - 3 = 0, 5*n + r*n = -3*i + 29. List the prime factors of i.
3
Let o(r) = r**2 - 5*r - 17. List the prime factors of o(11).
7
Let b = 25 + 0. List the prime factors of b.
5
Suppose 5*q - 19 = 1. What are the prime factors of q?
2
Let w(d) = -6*d**2 + 6*d**3 - 6*d - 3*d**3 - 4 - 2*d**3. What are the prime factors of w(7)?
3
Let f be 2/((-7)/(371/2)). What are the prime factors of (f + 1)*(-7)/28?
13
Let r(y) = 2*y - 4. Let l(c) = 4*c - 2*c - 4*c**3 + 3*c**3 + 2. Let a be l(-2). List the prime factors of r(a).
2
Suppose -k - 5 = 4*a, 2*a - 5*k 